{"id":22463,"date":"2023-06-30T05:09:14","date_gmt":"2023-06-30T05:09:14","guid":{"rendered":"https:\/\/demo1.dedicatedhost247.com\/istore27\/product\/pokemon-battle-academy-2-board-game\/"},"modified":"2023-06-30T05:09:14","modified_gmt":"2023-06-30T05:09:14","slug":"pokemon-battle-academy-2-board-game","status":"publish","type":"product","link":"https:\/\/demo1.dedicatedhost247.com\/istore27\/product\/pokemon-battle-academy-2-board-game\/","title":{"rendered":"Pokemon Battle Academy 2 Board Game"},"content":{"rendered":"<p><!-- show up to 2 reviews by default --> <\/p>\n<p> <span>Join the Pok\u00e9mon Trainers at the Battle Academy!Prepare for a Pok\u00e9mon battle with the ready-to-play Pok\u00e9mon Trading Card Game Battle Academy! The Battle Academy includes everything two players need to play, with guides to the decks so your first game is easy to follow.You can choose Cinderace or Pikachu to lead your team in a heads-up battle against another Trainer. Then, switch up the decks to play Eevee against Cinderace or Pikachu, and lead a different team of Pok\u00e9mon into the arena! With a little strategy and a little luck, you can battle with the best!<\/span> <\/p>\n<p>3 complete Pok\u00e9mon TCG decks (60 cards each)<br \/>\nEach deck includes a powerful special Pok\u00e9mon: Cinderace V, Pikachu V, or Eevee V<br \/>\nEevee deck includes 2 copies of an all-new promo card featuring Galarian Obstagoon<br \/>\n1 instruction sheet to help you set up to play<br \/>\n2 tutorial guides to lead you through the decks<br \/>\n1 two-player game board<br \/>\n3 deck boxes to keep the cards organized<br \/>\n1 rulebook<br \/>\n1 large metallic coin featuring Cinderace, Pikachu, and Eevee<br \/>\n1 set of damage counters<br \/>\n<\/p>\n","protected":false},"excerpt":{"rendered":"<p>3 complete Pok\u00e9mon TCG decks (60 cards each)<br \/>\nEach deck includes a powerful special Pok\u00e9mon: Cinderace V, Pikachu V, or Eevee V<br \/>\nEevee deck includes 2 copies of an all-new promo card featuring Galarian Obstagoon<\/p>\n","protected":false},"featured_media":22464,"comment_status":"open","ping_status":"closed","template":"","meta":[],"_links":{"self":[{"href":"https:\/\/demo1.dedicatedhost247.com\/istore27\/wp-json\/wp\/v2\/product\/22463"}],"collection":[{"href":"https:\/\/demo1.dedicatedhost247.com\/istore27\/wp-json\/wp\/v2\/product"}],"about":[{"href":"https:\/\/demo1.dedicatedhost247.com\/istore27\/wp-json\/wp\/v2\/types\/product"}],"replies":[{"embeddable":true,"href":"https:\/\/demo1.dedicatedhost247.com\/istore27\/wp-json\/wp\/v2\/comments?post=22463"}],"wp:featuredmedia":[{"embeddable":true,"href":"https:\/\/demo1.dedicatedhost247.com\/istore27\/wp-json\/wp\/v2\/media\/22464"}],"wp:attachment":[{"href":"https:\/\/demo1.dedicatedhost247.com\/istore27\/wp-json\/wp\/v2\/media?parent=22463"}],"curies":[{"name":"wp","href":"https:\/\/api.w.org\/{rel}","templated":true}]}}